+ 0
4
-5 + 1 + 7 + -8
-5
Calculate 7 + 0 - (9 + -3).
1
What is the value of 6 - (2 - (0 + -1 + 0))?
3
Calculate 0 + 0 + (-3 - -4).
1
Evaluate 8 + -8 + -1 + (-1 - 1).
-3
Evaluate (3 + -2 - 0) + -7 + 5.
-1
-5 + 5 + -3 + 1
-2
Evaluate (2 + -9 - -4) + 1 + 3.
1
Evaluate 0 + 1 + (52 - 51).
2
What is -1 - (8 + -4 + 2 + 1)?
-8
What is the value of -6 + -1 + 6 - (-1 - -1)?
-1
What is (2 - -1) + -2 + -4 - -3?
0
Evaluate -12 + 9 - (-6 + 2).
1
2 - (-1 - 0 - -6 - -1)
-4
Evaluate (-5 - -6) + 5 - 1.
5
What is the value of -1 + 4 + 2 + -9?
-4
Calculate 3 + -1 - (6 + -4 - -4).
-4
Evaluate -224 + 217 + (0 - -9).
2
What is the value of (-1 + -4 - -3) + -3?
-5
What is the value of -3 + 5 - 4 - (1 + -8)?
5
What is the value of (-1 - 1) + (10 - 5)?
3
What is the value of 1 + 7 + -5 - (0 - 2)?
5
Evaluate 5 + -5 + 3 - (-4 - -14).
-7
Evaluate 4 - 6 - -5 - 3.
0
-1 + (10 - 1 - (7 + -1))
2
Calculate 2 + -1 + (8 - 8).
1
Evaluate (-3 - (5 + -6)) + 1 + 0.
-1
What is 1 + 0 + (1 - -1) + 0?
3
7 - (-2 + 7 + 2)
0
What is 1 + (8 - 12) + 2?
-1
What is the value of -2 - (4 + -7 + -1)?
2
What is the value of 6 + -5 + (9 - 12)?
-2
Evaluate (3 - (-4 + -3)) + -8.
2
Evaluate -3 - (-6 - -4 - 3).
2
What is the value of 1 - (4 - 0 - 3)?
0
What is 8 + (-3 - 0) + -3?
2
What is 1 - (1 + 10 + -2 - 4)?
-4
Calculate -4 - 0 - -8 - 8.
-4
What is (-3 - -1) + (0 - (-4 - -1))?
1
Evaluate 6 + (0 - 8 - -5).
3
What is 7 - (-4 + 7 + 7 + -10)?
7
(0 - (-1 + -1)) + (22 - 21)
3
Evaluate 2 + (-3 - (3 + -5)).
1
What is the value of -2 + 1 + -2 + 5 + -9?
-7
Calculate (-6 - -4 - -7) + -6.
-1
What is -10 + 11 - (1 - (-3 + 7))?
4
Calculate 3 - 1 - -3 - 3.
2
What is -1 + -2 + (4 - -3)?
4
What is the value of 0 + -4 + -1 - -1?
-4
What is 1 + 7 + (-5 - -2) - 4?
1
Calculate -5 + 0 + 2 - -4 - 4.
-3
Calculate 4 - (-5 - (-1 - 9)).
-1
Evaluate (-6 - -6) + -7 + (0 - -1).
-6
Calculate (9 - (23 - 8)) + 14.
8
Evaluate 1 - (2 - 3) - -1.
3
What is the value of (-1 - (5 + -2)) + 11 + -13?
-6
What is the value of -2 + (0 - -5) + (-3 - 1)?
-1
Calculate -10 - (11 + (-2 - 12)).
-7
Calculate 0 + (-2 - 0 - (-6 - -5)).
-1
What is the value of (-8 - -6) + 9 + (0 - 5)?
2
What is (12 - -1) + -5 + -4?
4
(3 - 1) + 0 + 0
2
Evaluate -1 - ((0 + 1 - 2) + -2).
2
Calculate (1 - -7) + (-8 - -3).
3
What is the value of (-6 - -15) + (-4 - -2) - 6?
1
Calculate 0 + 3 + (-2 - 6) + 2.
-3
What is 3 - (-5 + 5 - 6) - 3?
6
Evaluate 4 + (-5 - -7) - (2 - -1).
3
(3 - 2) + 6 + (2 - 7)
2
What is the value of (7 - -1) + -4 + -8 - -7?
3
Evaluate -3 + (-3 - (-6 - 1)).
1
Evaluate 3 + (0 - -1) + 1.
5
-29 + 31 + -4 + -1 + 3
0
Calculate -1 - (2 + -13 + 3).
7
What is -2 + 1 + 5 + -1?
3
What is the value of -9 + -5 + (1 - -9)?
-4
Evaluate (5 - 1) + -3 + 2.
3
What is the value of -8 + -1 + 0 - (-1 - 4)?
-4
Evaluate 5 + 4 + (-4 - 3) + 2.
4
Calculate -1 + -2 + 1 + 1.
-1
What is (9 - 3) + -7 + -2?
-3
What is 10 - 1 - (4 - 1) - 0?
6
-4 - (-8 + -2 - -5)
1
Evaluate 4 + (-2 + 3 + 1 - 1).
5
What is 18 + -14 - (1 - (1 + -2))?
2
What is -66 + 54 - (-17 + -1)?
6
What is 9 + 8 + -6 + -4?
7
What is -33 + 21 + 2 + 5?
-5
What is the value of 0 - -7 - (48 + -39)?
-2
Calculate 5 - (4 + (-6 + 3 - -1)).
3
Calculate (8 - -1) + -12 + 8 + -2.
3
Calculate 9 + (0 - (8 - 1) - 8).
-6
Calculate 1 - (5 + -4 + -1).
1
What is 10 + -1 + (-3 - 1)?
5
What is (1 - 3) + -1 + 8?
5
Calculate -4 + (1 - 2) + 9 + -6.
-2
Calculate (-3 - -4) + -3 - 3.
-5
1 + 3 + -15 + 3
-8
What is 6 - (-3 - 0 - -3) - 2?
4
Calculate 4 - 7 - (-2 - (0 + 0)).
-1
Calculate -3 - -8 - (12 - 11).
4
Calculate (4 + -2 - -2) + 1.
5
1 + 5 + -4 + 0 + 3
5
What is the value of (3 - (11 - 15)) + -7?
0
10 + (-5 - (2 - 0))
3
What is -1 + 10 + -5 - (0 + -1)?
5
What is -130 - -143 - (0 + 16)?
-3
Calculate 15 + -5 + (3 - 1) + -3.
9
(6 - (-9 - -16)) + 0 + -4
-5
1 + -4 + 2 + -3
-4
Calculate -5 + (0 - 0) + (-9 - -11).
-3
Evaluate 14 + (-14 - -10) - 19.
-9
Evaluate 6 + 3 - (7 + 5).
-3
Calculate 16 + -11 + (-4 - -5).
6
Evaluate -2 + 9 + (-23 - -15).
-1
Evaluate 6 - 2 - (-3 - -2).
5
1 + -3 - (-3 - -2)
-1
What is -7 + -2 + 20 + -22?
-11
What is the value of -10 + 9 + -4 - 0?
-5
-20 - -15 - (-1 + -2)
-2
(-2 + -3 - -10) + -2
3
Calculate -127 + 116 - (1 + -7).
-5
Evaluate -4 - (2 - (-5 - -5) - -1).
-7
Evaluate (2 - (-3 + (1 - -1))) + 0.
3
What is -4 + -2 + 5 + 5?
4
What is 6 - (-3 + 7 + 3) - -7?
6
(13 - 2) + -60 + 49
0
Calculate 5 + -14 + (6 - 0).
-3
Evaluate -5 + 0 + -1 + 2 + 5.
1
Evaluate (-1 - -7) + -2 - 8.
-4
What is 2 + 0 + (16 - -1) + -16?
3
What is the value of 1 - 2 - (-1 - -1)?
-1
Calculate 1 + -2 - (-7 + 3) - -1.
4
What is the value of (0 - -3) + (-2 + 6 - 10)?
-3
10 - (2 - (-12 - -8))
4
Evaluate 5 + -7 - (-2 + 1 - 2).
1
What is 10 - (0 + -1 + 6)?
5
-4 - (-6 - -5 - -1)
-4
What is 2 + (-1 - (-3 + 6))?
-2
What is the value of 1 + 15 + -174 + 167?
9
What is 3 - (5 + -1) - (-1 + -1)?
1
What is the value of -1 - -3 - (3 - -4)?
-5
Calculate -7 + 1 + (17 - -11) + -16.
6
What is 1 - (-14 + 27) - (-5 + 1)?
-8
What is -6 + -3 + 2 - (12 - 12)?
-7
Evaluate 115 + -120 + 0 + 12.
7
Evaluate -12 + -6 + 18 + -6 - -3.
-3
What is the value of 2 - (5 - (-2 + 3 - -4))?
2
What is the value of 3 - -1 - (5 + 2)?
-3
0 + (6 - 3) + 1
4
What is -18 - -17 - (1 - 0 - -1)?
-3
What is 0 - 2 - -5 - 2?
1
4 + 2 + 5 + -17
-6
Calculate -113 + 103 + 1 + 0.
-9
What is the value of 4 - (0 + 1 - -5)?
-2
Evaluate 5 - (-7 + 11) - (-1 - -4).
-2
What is -3 + 2 + 0 + -1?
-2
-7 - (-14 - 13) - 11
9
Calculate -4 + 5 + 1 + -2.
0
-1 + (-6 - -8 - (5 + 1))
-5
What is the value of 0 - 2 - (12 + -14)?
0
Evaluate -3 + 7 + -1 + 0 + -4.
-1
What is the value of -2 + (9 - 5) + 0 + 1?
3
Calculate (-4 + 1 - 3 - -3) + 4.
1
-13 + 15 + -1 + -2 + 0
-1
Calculate -4 + 5 + 0 - -2.
3
Evaluate -33 + 33 - (-2 + 6).
-4
What is 2 + (-1 - (-3 - (-12 + 2)))?
-6
5 + -4 + 1 + -6
-4
What is -3 - (-11 + 3 + -1) - 3?
3
Evaluate 2 + (-3 - 4) + 2.
-3
Calculate 1 - (1 - (1 + -1)) - 4.
-4
Evaluate 18 + -31 + (0 - (0 + -6)).
-7
-1 - (5 - 1) - (-15 + 13)
-3
-1 - (11 + (-5 - 0) - 9)
2
-1 - (-1 + -5 + 5) - 0
0
What is 2 + 8 + -7 + -1?
2
What is the value of (2 - 5) + 3 + 2 - 1?
1
Calculate 8 + -1 - (20 - (13 - -1)).
1
What is -11 - (8 - (0 + 11))?
-8
What is the value of 2 + (-9 - (-5 - 0)) - 2?
-4
Evaluate 6 - (5 + -3 + 0).
4
Calculate (2 - ((-4 - 0) + 1)) + 0.
5
Calculate -68 + 81 + -6 + 0.
7
What is the value of (-5 - -12) + -3 + -3?
1
Calculate -1 - (7 - 0 - 7).
-1
Calculate -5 + (11 - 12) + -3 + 11.
2
Calculate 16 + -7 + -11 + -2.
-4
(-6 - -1) + (-1 - -4)
-2
What is the value of (-7 + 2 - -1) + 0?
-4
Calculate 5 - (9 + 9 + -7).
-6
-2 + 3 + (6 - 5) + 2
4
What is the value of 3 - 0 - (10 - 4 - 7)?
4
Evaluate 3 - (2 - 2 - 0) - 3.
0
Evaluate -14 + 11 + (10 - 3 - 2).
2
Calculate -26 + (9 - -10) - (-8 + 0).
1
Evaluate 16 + -16 + 2 + 3.
5
What is 9 + (-26 + 13 - 0)?
-4
Evaluate 3 - (-1 - -1) - -2.
5
What is 0 + (-1 - (4 - 7)) - 4?
-2
Calculate (-3 - (-5 + 2)) + -3 + 0.
-3
Calculate (0 - (0 + 5)) + (308 - 309).
-6
Evaluate 3 + (-7 - (10 + -5 + -12)).
3
What is -4 + (-6 - -12) - 7?
-5
What is the value of (-5 - 4 - -12) + 0 + -2?
1
What is the value of -4 - (1 + -6) - -3?
4
What is -5 + (-8 - -12 - (-7 + 0))?
6
-5 + 2 + 1 + (-1 - -1)
-2
What is -6 + (-6 - (-4 + -11)) + -6?
-3
What is 4 + (5 - (5 - 1))?
5
Calculate -2 - ((-1 - 4) + 7).
-4
0 - (-8 + 4 + 2 + -2)
4
What is -5 + 3 + 1 + 1 + -4?
-4
(-1 - 2) + -38 + 36
-5
-3 - (-3 - (-3 - 0))
-3
Evaluate 0 + (-2 - -3 - 6).
-5
3 - 0 - (-3 - -2)
4
Calculate -5 + 2 + (-2 + -2 - -12).
5
Evaluate -3 + -3 + 2 - -2 - -6.
4
10 + 2 - (-10 + 16)
6
Calculate 10 - 1 - (30 - 23).
2
Calculate -6 - -2 - -4 - 0.
0
Calculate -4 + 3 + (1 - -1) + -3.
-2
Calculate 1 + (-10 - -26 - 10).
7
Calculate (1 - 5) + 0 - -5.
1
What is 1 - (-4 + 2) - 7?
-4
What is the value of 5 + 1 + -10 + 1 + 6?
3
Calculate 0 + -8 - (-3 + -2).
-3
(6 - 13) + -2 + 4
-5
Calculate (1 - -3) + 4 + -8.
0
Evaluate (1 - 0 - (6 + -5)) + 4.
4
What is the value of -3 - (-1 + -6) - 4?
0
Calculate 14 + 0 + -9 - 5.
0
What is the value of -3 + 3 - ((18 - 9) + -5)?
-4
(-2 + 2 - 3) + 3
0
Calculate 1 + -2 + 2 + (2 - 5).
-2
Calculate -8 + 5 + 4 + (-3 - -1).
-1
Evaluate 7 + -9 + 0 + 4.
2
What is the value of -4 - ((4 - 0) + -6)?
-2
Evaluate -3 - (-11 + (6 - -3)).
-1
-1 + 1 + -2 + (-3 - -5)
0
Evaluate -6 + (1 - (10 + -7)) + 3.
-5
What is 6 + (-25 - (10 - 22))?